 y = 1 - 1. Let x be -2*(-2)/(-4) - y. What is the units digit of c(x)?
3
Suppose 2*r = 3*j + 71 - 8, 5*r = 2*j + 163. Suppose 0 = -z - 2*z - r. Let v = z - -20. What is the units digit of v?
9
Suppose -5*y + 4*y + 8 = -2*b, -y = 5*b + 6. Suppose -s - 2*j + 13 = 0, -s - 3*j + 11 = -y. What is the units digit of s?
9
Suppose 4*j - 194 = 222. What is the hundreds digit of j?
1
Let x be 1/(((-1)/5)/(-1)). Suppose 100 = x*h - h. What is the units digit of h?
5
Let p = 24 + -10. Suppose p + 13 = u. What is the units digit of u?
7
Suppose -12*y = y - 3523. What is the units digit of y?
1
Suppose 2*o = 5*o + 18. What is the units digit of (7 + o)*(1 + 8)?
9
Let j(s) = s**3 + 8*s**2 - 12*s + 12. What is the tens digit of j(-9)?
3
Let x be 4/(3 - 1) + 3. Suppose -3*o = -5*u + o - 5, x*u = o + 10. What is the units digit of u?
3
Suppose -2*k + 16 = 2. Let x = 3 - k. What is the units digit of (21/(-6))/(1/x)?
4
Suppose -3*d + 5*a + 157 = -4, -3*d - 3*a + 177 = 0. What is the tens digit of d?
5
Suppose -101 = 5*b - 1. Let g = b - -34. What is the tens digit of g?
1
Let g be (2 + -3)*10/1. Let p be ((-38)/4)/(3/(-6)). Let a = g + p. What is the units digit of a?
9
Let o = -26 - -17. Let l = o + 16. What is the units digit of l?
7
Let s(i) = -i**3 + 8*i**2 + 9*i + 13. Let p be -2*3 + 3 - -12. What is the tens digit of s(p)?
1
Suppose 0 = 5*u - 0*u - 4*w - 8, 4*u - w = 2. Let p = 11 + u. Let x = 15 - p. What is the units digit of x?
4
Suppose 0 = -x - x + 4. Suppose j - 12 = -x*j. Suppose 0 = -3*f + j*i + 3, -3*f = f + 4*i - 4. What is the units digit of f?
1
Let u(z) = z**2 - 5*z - 5. Let k(t) = 2*t + 1. Let c be k(-1). Let s = 5 - c. What is the units digit of u(s)?
1
Let h = 143 + 46. What is the tens digit of h?
8
Suppose 4*j - 3*y - 58 = 0, 2*j + 2*j - 5*y - 54 = 0. Suppose 3*v - 5*v = -j. What is the units digit of v?
8
Let v(l) = 8*l - 3. Let c(g) = -3*g - 3. Let j be c(-2). What is the units digit of v(j)?
1
Let d = 598 + -249. What is the units digit of d?
9
Let l(j) = -3 + 2*j + j**3 + 24*j**2 - 24*j**2 + j. Let q = 8 + -6. What is the units digit of l(q)?
1
What is the units digit of 2*((-150)/4)/(-5)?
5
Let r be 0 - -1*(-10)/(-2). Suppose -2*o + r = -19. What is the units digit of o?
2
Suppose 3*a + 5*m + 29 = -0*m, -2*m = 5*a + 23. Let n = a - -6. Let o = -1 + n. What is the units digit of o?
2
What is the units digit of ((-6)/(-2))/((-14)/(-994))?
3
Let w = 38 + -43. Let z(b) = -6*b**2 - 5*b + 2. Let d(c) = c**2 - 1. Let i(s) = -5*d(s) - z(s). What is the units digit of i(w)?
3
Let p be 16/6*6/4. Let l be (0 - (-2)/(-2)) + p. What is the units digit of (-1 + (-5)/l)*-3?
8
Let h = 12 + -8. Let m = 28 + -17. Let z = m - h. What is the units digit of z?
7
Suppose -5*p = 2*q + 3*q - 310, 0 = -5*q + p + 328. What is the tens digit of q?
6
Let l = -104 - -172. Suppose -52 = -5*r + l. What is the tens digit of r?
2
Let x = 19 - 13. Suppose 8*o - x*o - 56 = 0. What is the units digit of o?
8
Suppose 4*q = -4*i - i + 227, -5*q = i - 289. What is the units digit of q?
8
Let z(i) = 15*i - 3. What is the tens digit of z(2)?
2
Let l(k) = -2*k**2 - k + 1. Suppose 0 = -3*g + 7*g + 20. Let u be l(g). Let z = u + 62. What is the units digit of z?
8
Suppose -30 = -3*p - 2*p. Suppose p*z - 3*z - 9 = 0. What is the units digit of z?
3
Let i = -9 + 7. Let y = 15 + i. What is the units digit of y?
3
Let k(o) = -2 + 0 + 10*o**2 + 3 + o. What is the tens digit of k(-1)?
1
Suppose -3*y + 11 + 29 = -4*o, -2*y - o = -23. What is the tens digit of y?
1
Suppose -2*g - 7 = x, 0*g - 3 = g. What is the units digit of (x + -1)*(-2 + -6)?
6
Let n(x) = x**3 + 4*x**2 - 5*x + 5. Let v be n(-5). Suppose 0*b + 3*q = -2*b - 24, -4*b - 48 = v*q. What is the units digit of (-2)/3 + (-56)/b?
4
Let h be 2/(-4)*(12 - 0). Let j(b) = b - 1. Let g(y) = -1. Let z(w) = 6*g(w) - j(w). What is the units digit of z(h)?
1
Let c be ((-2)/(-3))/((-4)/(-12)). Let x be c/(-4) - 35/(-10). What is the units digit of 4/x*(-15)/(-10)?
2
Let q(x) = -35*x. What is the tens digit of q(-2)?
7
Let s = -5 + 8. What is the units digit of (8 - (-1)/1)*s?
7
Suppose -4*g = -2*i - 10, -3*i = -4 - 5. Let f(u) = 4. Let k(x) = -x - 1. Let s(z) = g*k(z) - f(z). What is the units digit of s(-6)?
6
Suppose 6*d - 145 = d. What is the tens digit of d?
2
What is the units digit of 40 + (6/15 - 39/(-15))?
3
Suppose 20 = 2*b + 4*j - 22, -4*b - j + 56 = 0. What is the units digit of b?
3
Let d(s) = 5*s - 24. Suppose 0 = 5*h + 32 - 12, 4*y - h = 44. What is the tens digit of d(y)?
2
Let g be ((-8)/20)/((-1)/5). Suppose 3*h = g*h. Suppose -x = -h*x - 7. What is the units digit of x?
7
Suppose -n = -0*n + 2. What is the units digit of 20 + (-1 - (-2)/n)?
8
Suppose z - 51 = 23. What is the units digit of z?
4
Let w(o) = o. Let r be w(5). Suppose 3*f = p + 26 - 1, 5*f - 45 = r*p. What is the units digit of f?
8
Suppose a + 3*a - 36 = -5*z, 12 = 3*z. Suppose -a*s = 4*f - 192, 38 + 98 = 3*f - s. What is the tens digit of f?
4
Let c(b) = -b**2 + 9*b + 11. Let k be c(9). Suppose -15 = -r + k. What is the tens digit of r?
2
Let l(i) = 2*i**2 - 2*i. Suppose 2*h = 5*u - 17, 2*u + 3*h = u. What is the tens digit of l(u)?
1
Let v(c) = -c**2 - 10*c + 14. Let f be v(-11). Suppose 2*t - y - 12 = f*y, 0 = 2*y + 4. What is the units digit of t?
2
Suppose 9 + 3 = 3*j. Let d = 8 - j. Suppose 3*h + q + d*q = 4, 52 = 5*h - 3*q. What is the units digit of h?
8
Let t(z) = 2*z**2 + 5*z + 9. Let g(a) = -a**2 - 5*a - 9. Let j(h) = 3*g(h) + 2*t(h). Let l be -4 + 13 - (1 - -1). What is the units digit of j(l)?
5
Suppose -2*b = -13 - 1. What is the tens digit of 2*1 - (-56)/b?
1
Suppose l - b = 2*l - 5, 3*b + 3 = 3*l. Suppose -d + 0*i - 5*i = 10, 6 = 3*d + l*i. Suppose d*a - 8 = 27. What is the units digit of a?
7
Let f = 15 + -5. What is the tens digit of f?
1
Suppose j - 18 - 12 = 0. What is the units digit of j?
0
Let u be (24/14)/2*7. Suppose -5*v = 20, -2*k = -u*k - 2*v + 56. What is the units digit of k?
6
What is the tens digit of (-1 - 1)*(-29)/2?
2
Suppose 5*u - 10 = -5*o, -u + 3*o = -o + 13. Let y be u/(-3) - (-4)/(-12). Suppose y = 2*i + i - 3. What is the units digit of i?
1
Suppose -5*s + 10 = -2*w - 6, 0 = -4*w - 12. Suppose 0 = s*u + u - 12. What is the units digit of u?
4
Let h(l) = 7*l + 1. Let u be h(-1). Let g = u - -6. Suppose n + 2 - 3 = g. What is the units digit of n?
1
Let m(f) = f - 4. Let o be m(6). Suppose 0 = 10*s - 15*s + 350. Suppose -s = -3*r - o*r. What is the units digit of r?
4
Suppose 4*f - 1 - 3 = 0. Suppose 2*w + 3 = f. Let v(l) = -2*l - 1. What is the units digit of v(w)?
1
What is the units digit of ((-9)/(-12))/((-1)/(-4))?
3
Let h(o) = 27*o + 21. What is the units digit of h(6)?
3
Suppose 2*x - 5*g = 197 - 20, 0 = 5*g + 25. What is the units digit of x?
6
Suppose -3*n + 27 = o + 2*n, 0 = 5*o - 4*n - 193. What is the units digit of o?
7
Suppose 8 = 5*t - 7, -24 = -3*z - 4*t. Suppose 5*g + 15 = 5*u, 0 = 2*g - 6*g + z. What is the units digit of u?
4
Let y(h) = -h**3 - 7*h**2 - 9*h - 8. Let j be y(-6). Suppose -3*f = -f - j. What is the units digit of f?
5
Let i be 4 - 1 - (3 - 2). Suppose 6 = -i*a - 8. What is the units digit of 35/a*-1*1?
5
Let a(s) be the third derivative of -1/8*s**4 + 0*s**3 + 0*s + 2*s**2 + 0. What is the units digit of a(-4)?
2
Let p(t) = t**3 - 8*t**2 - 9*t + 9. What is the units digit of p(9)?
9
Suppose 2*i = 2*n + 86, -2*i - 3*n + 4*n + 85 = 0. What is the tens digit of i?
4
Suppose 0 = -3*h + f + 12, 5*f - 4*f = 0. Suppose -3*g = 2*n - h, 4 = n + n - 3*g. What is the units digit of n?
2
Let o(s) = -s. Let z be o(0). Let y be (4/(-10))/((-6)/30). Let m = y + z. What is the units digit of m?
2
Let u be 0/2 + 4 + -204. What is the units digit of ((-16)/(-20))/((-4)/u)?
0
Suppose 3*k + 12 = 6*k. Suppose k*j = -j + 165. What is the tens digit of j?
3
What is the units digit of 556/8 + 6/(-4)?
8
Let o = 1 - -3. Let s be (21/14)/(6/8). What is the units digit of (-7)/o*s*-2?
7
What is the tens digit of 70*3/1 + -15 + 12?
0
Let u(x) = x**2 - 3*x. Let o be u(2). Let m(r) = -r**3 - 2*r**2 - 3*r - 1. What is the units digit of m(o)?
5
Suppose 36 = 4*m - 200. What is the tens digit of m?
5
Let p be (-2)/(1/3*2). Let w = 6 + p. Suppose w*s - 18 = s. What is the units digit of s?
9
Suppose 2*a + 4*w -